e 50 = 6*w - 88. What is the remainder when w is divided by 13?
10
Let h be 75/(-27) - (-12)/(-54). Calculate the remainder when 0 + (-3)/h + 98 is divided by 17.
14
Let g(f) = 13*f + 66. Suppose -210 - 50 = -5*r. Calculate the remainder when r is divided by g(-4).
10
Suppose -6*x + 867 = -87. Let y = x - 48. Calculate the remainder when y is divided by 7.
6
Suppose -62222 = 78*u - 270950. What is the remainder when u is divided by 19?
16
Let a be ((-42)/(-4))/(6/(-8)). Calculate the remainder when 117 is divided by ((-24)/a)/((-9)/(-63)).
9
Let t = -829 - -831. Calculate the remainder when 104 is divided by t.
0
Let v(u) = 6*u - 21. Let q(w) be the first derivative of 3*w**2/2 + 3. What is the remainder when q(5) is divided by v(5)?
6
Let w(h) = 87 - 94 + 4*h + 7*h. Let a = 4 - 1. What is the remainder when w(a) is divided by 7?
5
Let o(r) be the third derivative of -17*r**4/24 - 2*r**3/3 - 5*r**2. Let l be o(-8). Suppose l = k + 26. Calculate the remainder when k is divided by 27.
25
Let i(v) = v**3 + 6*v**2 + 9*v - 4. Let u(k) = 2*k**3 + 7*k**2 + 10*k - 5. Let x(b) = 3*i(b) - 2*u(b). Calculate the remainder when x(5) is divided by 3.
2
Let n(i) = -2*i + 31. What is the remainder when ((-635)/15 - 0)/(2/(-6)) is divided by n(9)?
10
Suppose -2*n = -5*y - 26 - 54, n = 2*y + 39. Calculate the remainder when 139 is divided by n.
34
Let i = 462 + -456. Calculate the remainder when i is divided by 2.
0
Let l = 6 - 4. Suppose -l*t = t - 3528. What is the remainder when (-1)/5 - t/(-30) is divided by 10?
9
Suppose -5*r - 11*r = -1728. What is the remainder when r is divided by 22?
20
Let i = -17 + 30. Suppose -8 - i = -3*b. What is the remainder when 26 is divided by b?
5
Let i(m) = 29*m - 8. Let h(d) = -d**3 + 6*d**2 + 5*d + 17. Let x be h(7). Calculate the remainder when i(x) is divided by 20.
19
Suppose 3*p - 107 = -4*i, 4*p - 65 = 5*i + 26. What is the remainder when p is divided by 15?
14
Let d = 119 + -98. What is the remainder when 6/(-10) + (-2388)/(-30) is divided by d?
16
Let f(u) = 78*u + 117. What is the remainder when f(19) is divided by 25?
24
Suppose -2*g + 92 = b, -4*g - 476 = -5*b - 6*g. What is the remainder when b is divided by 25?
21
Suppose -848*k = -846*k - 86. What is the remainder when 70 is divided by k?
27
Calculate the remainder when 23 is divided by (-28)/(3 - -4)*(-4)/16.
0
Suppose 2*k - 169 + 59 = 0. Let j = -47 + k. What is the remainder when 29 is divided by j?
5
Suppose 4*a - 8 = -32. What is the remainder when 8 is divided by a/9 + 0 + 17/3?
3
What is the remainder when 730 is divided by 109 - -5*28/(-35)?
100
Suppose 5*w - 2*d - 98 = 16, w - 32 = 5*d. Suppose -2*j + 3*s = -16, -2*j + 3*j - 5*s = w. What is the remainder when j is divided by 1?
0
Let i = -15 - -55. Suppose -3*f - 10 = -i. What is the remainder when 49 is divided by f?
9
Let t = -2780 + 2799. Suppose 2*l = -2*l + 148. What is the remainder when l is divided by t?
18
Let x = 277 + -219. What is the remainder when 230 is divided by x?
56
Let z = -33 + 40. Calculate the remainder when 54 is divided by z.
5
Suppose 2*a - 12 = -32. What is the remainder when 33 is divided by ((-4)/a)/((-4)/(-180))?
15
Let c(j) = -j**3 + j**2 + j + 9. Let d(q) = -q - 1. Let y be 8/(-7) - (-5)/35. Let u be d(y). What is the remainder when 42 is divided by c(u)?
6
Calculate the remainder when 164 is divided by -23 + 17 - (-3 - 24).
17
Suppose -14 - 8 = -2*z. Suppose 6*o + 85 = z*o. What is the remainder when o is divided by 9?
8
Suppose 0 = -0*l + 4*l - 8. Let f(s) = 2*s**l - s**3 - s + 2*s + 6*s**2 - 2 + 0*s**2. Calculate the remainder when f(4) is divided by 17.
15
Suppose 51 - 155 = -13*l. What is the remainder when 293 is divided by l?
5
Suppose -2*h = 2*y - 8, -5*y + 6 = 3*h - 6. Suppose 3*c + h*b = 19, b - 9 = -2*c + 12. Calculate the remainder when c is divided by 7.
6
Let j(c) = -2*c**2 + 6*c + 11. What is the remainder when 285 is divided by j(0)?
10
Let x(w) = w**2 - 3*w. Let b be x(4). Let v(z) = 4*z - z - b - 3 - 4*z. Calculate the remainder when 29 is divided by v(-15).
5
Let t = 6 - 18. Suppose 4 = -h, 0 = 3*v - 0*h + 4*h + 130. Let i = t - v. What is the remainder when 102 is divided by i?
24
Let q(v) = -26*v + 209. What is the remainder when q(-10) is divided by 59?
56
Let p(s) = s**2 + s + 1. Suppose 14 = -x + 4*a, 3*a - 2 = x + 12. Let v = x - -17. What is the remainder when p(2) is divided by v?
1
Let l(y) = -y**3 + y**2 + 3. Let z be l(0). Let o(p) = 0 + p + 0 + p**2 + 1. What is the remainder when 50 is divided by o(z)?
11
Suppose 0 = 5*s - 0*n - 2*n - 45, 0 = 4*n. Let h = s + -6. Suppose 0 = 18*a - 217 + 145. Calculate the remainder when a is divided by h.
1
Suppose -12*r + 123 + 489 = 0. What is the remainder when r is divided by 19?
13
Let k = 393 - 363. What is the remainder when 55 is divided by k?
25
Suppose 405 - 155 = 5*x. Let s = 58 - x. Calculate the remainder when 55 is divided by s.
7
Suppose -21*s = -10*s - 363. Calculate the remainder when 617 is divided by s.
23
Let p be (-64)/(-10) + (-52)/130. Calculate the remainder when (p/(-2))/3 + 123 is divided by 31.
29
Suppose -20*d = -624 + 84. Let t = 80 + -28. Calculate the remainder when t is divided by d.
25
Suppose -26*c = -22*c - 8. Suppose 3*u - 72 = 3*y, u - 6*y - 36 = -c*y. Calculate the remainder when 258 is divided by u.
18
Let w(i) = 3*i**2 - 20*i + 30. Calculate the remainder when 49 is divided by w(7).
12
Let d = -27 - -11. Let v = -13 - d. What is the remainder when v is divided by 3?
0
Let z = 43 + -41. Let j = -44 + 75. What is the remainder when j is divided by 51*(-5)/(-45)*(z - -1)?
14
Let c(r) = r**2 + r + 2. What is the remainder when -11 + 15 - 6/(-2) is divided by c(0)?
1
Calculate the remainder when (-8)/(-16)*(413 - (-2)/2) is divided by 31.
21
Suppose 0 = q - 2*q + 19. Let r = -20 - 18. Let d = 18 - r. What is the remainder when d is divided by q?
18
Suppose 58*q - 53*q = -25. Calculate the remainder when 29 is divided by (-43)/q - (-24)/60.
2
Suppose s - 38*b + 42*b - 164 = 0, -3*b = 3. What is the remainder when s is divided by 44?
36
Let g(h) = 4*h**2 - 35*h + 95. What is the remainder when 414 is divided by g(3)?
24
Suppose 41*u = 37*u + 4*f + 340, -344 = -4*u + 2*f. Calculate the remainder when 330 is divided by u.
69
Suppose s = -4*s. Let o = s + 8. Let b = o + -2. What is the remainder when 15 is divided by b?
3
Let o(z) be the third derivative of 4*z**2 - 1/120*z**6 + 0*z**5 + 0*z + 7/6*z**3 + 1/24*z**4 + 0. Calculate the remainder when 19 is divided by o(0).
5
Let a be 0 - 803/9 - (-10)/45. Let b = -70 - a. What is the remainder when 34 is divided by b?
15
Let g = 10 + -28. Let p = g - -22. Suppose 4*y = -p*k, 2*y + 0*k - 30 = 4*k. What is the remainder when 18 is divided by y?
3
Let u(i) = -i**3 - 6*i**2 - 8*i - 10. Let v be u(-5). Suppose -v*z = -0*z - 190. Calculate the remainder when z is divided by 8.
6
Let f be 2/4*(8 - -2). Let r be (-4 - -5)/(1/f). Suppose 6*a = r*a + 30. What is the remainder when a is divided by 11?
8
Let g = 197 + -187. Let h = 14 + -9. Suppose -h*y - 7 - 8 = 0, 4*z - 5*y - 87 = 0. What is the remainder when z is divided by g?
8
Let z(s) = -s**2 - 11*s - 5. Let v be z(-10). Suppose 0 = v*m - m - 112. What is the remainder when m is divided by 8?
4
Suppose -9*n + 228 = -3*n. Let u = n + -32. What is the remainder when 23 + 0 + 3 + -3 is divided by u?
5
Let o(r) = -3*r**2 - 25*r - 6. What is the remainder when 27 is divided by o(-8)?
1
Let m(h) = 2*h + 43. Calculate the remainder when 108 is divided by m(-2).
30
Let o be (-1)/(-4) - 278/(-8). Let g = o - 21. Let i(s) = -s**2 + 21*s - 49. What is the remainder when i(15) is divided by g?
13
Let b = -14 - -24. Suppose -8*t = -6*t - b. What is the remainder when 19 is divided by t?
4
Suppose -21 = -5*q + x + 1, 2*q = 2*x + 12. Calculate the remainder when 19 is divided by q.
3
Let v = -427 - -436. What is the remainder when 79 is divided by v?
7
Suppose 2*m + 4*s - 243 - 13 = 0, -2*s + 368 = 3*m. Calculate the remainder when 71 is divided by (78/8)/(9*5/m).
19
Let j = -1340 - -2435. What is the remainder when j is divided by 137?
136
Suppose -5*y + 4*m = -1 - 12, -m - 7 = -5*y. Suppose a + y - 13 = 0. What is the remainder when a is divided by 6?
0
Let y(l) = l**3 - 10*l**2 + 8*l + 1